 x(b) = -b**2 + 385*b - 771. What is x(2)?
-5
Let f(l) = l**3 + 10*l**2 + 33*l + 81. Determine f(-7).
-3
Let n(k) = 7*k**2 - 27*k + 131. Give n(5).
171
Let b(f) = f**2 + 11*f + 50. Calculate b(-4).
22
Let c(r) = r**3 + 84*r**2 + 44*r + 3707. Determine c(-84).
11
Let s(t) = 2*t**3 - 2*t**2 + 9*t - 12. Determine s(2).
14
Let l(w) = 4*w**2 + 2509*w + 22255. Give l(-9).
-2
Let f(d) = d**3 + d**2 - 23*d - 38. Calculate f(-2).
4
Let s(b) = -38*b + 53. Give s(1).
15
Let j(x) = x**3 + 18*x**2 + 37*x + 70. Calculate j(-16).
-10
Let b(v) = v**3 + 12*v**2 + 13*v - 5. What is b(-11)?
-27
Let p(l) = -l**2 - 1466*l + 2938. Determine p(2).
2
Let b(l) = -7*l**2 + 7*l - 7. Calculate b(4).
-91
Let p(u) = u**3 - 9*u + 34. Calculate p(-4).
6
Let w(v) = -10*v**2 + 180*v - 46. Determine w(16).
274
Let u(f) = -14*f - 682. Give u(-49).
4
Let v(h) = h**3 + 95*h**2 + 1653*h - 242. Calculate v(-72).
-26
Let p(l) = 6*l**3 + 395*l**2 - 66*l + 11. Calculate p(-66).
11
Let v(o) = -2*o**3 - 16*o**2 + 21*o + 29. What is v(-9)?
2
Let k(h) = -h**2 - 2*h - 22. Calculate k(-15).
-217
Let q(u) = -625*u**3 + 3*u**2 - 16*u - 18. Determine q(-1).
626
Let b(p) = p**3 + 18*p**2 + 23*p - 70. Determine b(-15).
260
Let s(f) = -488*f - 3908. Determine s(-8).
-4
Let r(l) = -60*l**2 + 106*l - 21. Give r(2).
-49
Let w(m) = 2*m**3 - 23*m**2 + 7*m - 84. Give w(9).
-426
Let j(g) = g**3 - 2*g**2 - 23*g + 49. What is j(2)?
3
Let f(l) = -25*l - 125. What is f(-6)?
25
Let g(q) = 202*q + 414. Calculate g(-2).
10
Let p(y) = -y**2 + 49*y - 134. What is p(45)?
46
Let o(l) = l**2 - 254*l + 1510. Determine o(6).
22
Let n(z) = 8*z**2 + 49*z + 30. Calculate n(-7).
79
Let j(s) = -s**3 - 8*s**2 + 8*s + 37. What is j(-8)?
-27
Let r(h) = 4*h**2 + 3*h - 5. Give r(-9).
292
Let v(d) = -31*d + 175. Determine v(6).
-11
Let x(k) = 3*k**3 + 64*k**2 + 18*k - 61. Give x(-21).
2
Let w(j) = 2*j**3 - 19*j**2 - 67*j + 673. Give w(9).
-11
Let m(f) = -355*f - 53. Give m(0).
-53
Let g(v) = 4*v**3 - v**2 - 26*v - 31. Determine g(-3).
-70
Let p(c) = 3*c**2 + 37*c - 254. Calculate p(5).
6
Let x(t) = t**3 + 18*t**2 + 103*t + 174. Give x(-3).
0
Let b(w) = 9*w**3 + w**2 + 104*w - 106. Determine b(1).
8
Let l(h) = -148*h**2 + 46*h + 88. Calculate l(-2).
-596
Let q(g) = -g**2 - 113*g - 1479. Determine q(-15).
-9
Let p(m) = -5*m**3 - 7*m**2 - 18*m - 35. Calculate p(-2).
13
Let u(z) = 2*z**3 + 69*z**2 + 269*z - 18. Give u(-30).
12
Let c(h) = -4399*h - 114367. Calculate c(-26).
7
Let m(p) = 3*p**2 + 49*p - 920. What is m(-27)?
-56
Let g(v) = -130*v + 5843. Calculate g(45).
-7
Let l(s) = -14*s - 54. Determine l(7).
-152
Let g(i) = -5*i**2 - 311*i - 3573. Give g(-47).
-1
Let d(q) = -q**3 - 18*q**2 - 28*q - 65. Give d(-16).
-129
Let m(b) = -192*b + 10540. What is m(55)?
-20
Let z(o) = -4*o**3 + 18*o**2 - 5*o - 12. Determine z(4).
0
Let u(t) = 3*t**2 - 20*t + 9. Determine u(9).
72
Let j(o) = 562*o + 549. Give j(-1).
-13
Let c(p) = 45*p - 240. Calculate c(13).
345
Let r(t) = -t**3 - 82*t**2 - 614*t - 1626. Calculate r(-74).
2
Let p(b) = 34*b**2 + 76*b + 3. Calculate p(-2).
-13
Let q(j) = 51*j - 1790. What is q(35)?
-5
Let o(q) = q**3 + 20*q**2 + 18*q - 24. Give o(-19).
-5
Let u(l) = -l**3 - 17*l**2 - 25*l - 29. What is u(-16)?
115
Let g(a) = 2*a**2 + 12*a - 116. Determine g(-11).
-6
Let l(c) = -c**2 + 21*c + 1. Determine l(12).
109
Let v(f) = f**3 - 43*f**2 - 94*f + 198. Give v(45).
18
Let z(r) = -15*r**2 - 14*r. Give z(-2).
-32
Let u(q) = q**3 + 37*q**2 + 226*q - 53. What is u(-8)?
-5
Let r(w) = 2*w**2 - 5*w - 92. Calculate r(-8).
76
Let t(g) = g**3 + 41*g**2 + 209*g - 67. Calculate t(-35).
-32
Let r(m) = m**3 - 82*m**2 + 171*m - 970. Determine r(80).
-90
Let k(u) = -63*u - 137. Give k(-2).
-11
Let i(t) = t**3 + 8*t**2 + 3*t + 2. Determine i(-5).
62
Let w(q) = -7*q**2 + 19*q - 40. Determine w(4).
-76
Let x(f) = -2*f**2 - 85*f + 359. Calculate x(4).
-13
Let k(g) = g**3 + 24*g**2 - 17*g + 55. Determine k(-25).
-145
Let h(g) = -15*g**2 + 3332*g + 2892. Give h(223).
-7
Let o(z) = -24*z + 1066. Determine o(44).
10
Let j(h) = h**2 - 41*h - 4506. What is j(91)?
44
Let b(m) = 1787*m + 19664. Calculate b(-11).
7
Let l(r) = r**3 + 10*r**2 + 18*r - 35. Determine l(-6).
1
Let a(m) = -m**2 + 41*m - 345. Calculate a(11).
-15
Let a(r) = -r**3 - 2*r**2 + 56*r + 18. What is a(-9)?
81
Let y(f) = 5*f**3 - 6*f**2 - 20*f - 131. Determine y(4).
13
Let q(z) = 267*z + 2726. Determine q(-10).
56
Let j(x) = 2*x**3 - 12*x**2 + 29*x - 1. Give j(5).
94
Let f(t) = t**2 + t - 357. Calculate f(19).
23
Let f(p) = 4*p**3 + 18*p**2 + 37*p + 123. Give f(-4).
7
Let x(n) = -6*n**2 - 59*n + 296. What is x(-13)?
49
Let f(m) = 47*m**2 - 36*m - 74. Give f(-2).
186
Let r(a) = -40*a - 176. What is r(-5)?
24
Let b(k) = -59*k**2 - 10*k. Give b(-2).
-216
Let s(h) = -268*h - 6280. Determine s(-24).
152
Let f(w) = -2*w**2 - 25*w + 253. Calculate f(-19).
6
Let j(i) = i**3 - 6*i**2 + 3*i + 289. Determine j(-5).
-1
Let u(c) = 45*c**2 - 314*c + 2. Give u(7).
9
Let b(o) = 12*o - 69. Determine b(2).
-45
Let u(q) = 10*q - 215. Calculate u(24).
25
Let o(c) = 6*c - 221. Give o(39).
13
Let a(x) = -x**2 - 146*x + 12894. Give a(62).
-2
Let n(u) = 256*u + 22778. What is n(-89)?
-6
Let u(l) = -3*l**3 + 15*l**2 - 34*l + 113. Give u(5).
-57
Let p(h) = -10*h**2 + 19*h - 38. What is p(2)?
-40
Let o(s) = 533*s + 203. What is o(-1)?
-330
Let v(k) = k - 7. Calculate v(2).
-5
Let o(g) = 5*g + 213. Determine o(-40).
13
Let q(h) = 4*h - 8. Calculate q(14).
48
Let j(k) = -k**2 - 23*k + 483. Determine j(-36).
15
Let y(i) = -i**3 - 24*i**2 - 64*i - 25. Give y(-21).
-4
Let d(q) = -2*q**3 - 102*q**2 - 4*q - 121. What is d(-51)?
83
Let o(v) = 13*v**3 + 3*v**2 - 4*v + 8. Determine o(2).
116
Let j(f) = 49*f + 441. Determine j(-7).
98
Let a(g) = 107*g - 8995. Calculate a(84).
-7
Let p(l) = -7274*l + 50914. Determine p(7).
-4
Let w(q) = -32*q**2 - 124*q - 7. Determine w(-4).
-23
Let l(m) = 6*m**2 + 31*m - 42. What is l(-10)?
248
Let f(u) = -4*u**3 + u**2 + 5*u - 4. Give f(-3).
98
Let b(v) = 79*v**3 + 3*v**2 + 2*v - 1. What is b(-2)?
-625
Let i(u) = u**3 + 83*u**2 + 86*u + 333. What is i(-82)?
5
Let x(p) = 3*p**3 - 29*p**2 - 5*p - 49. Calculate x(10).
1
Let h(p) = -p**2 + 88*p - 143. Calculate h(78).
637
Let g(r) = -r**3 - 89*r**2 - 791*r - 73. Calculate g(-79).
6
Let c(n) = -104*n + 247. Determine c(3).
-65
Let x(y) = 1149*y + 4600. Determine x(-4).
4
Let l(y) = -3*y**3 + 17*y**2 + 283*y - 1446. Calculate l(5).
19
Let b(k) = 2*k**3 + 2*k**2 + 49. What is b(-7)?
-539
Let p(h) = -11*h - 71. What is p(-12)?
61
Let n(g) = -130*g + 879. Calculate n(7).
-31
Let f(h) = 106*h - 7. Calculate f(1).
99
Let n(m) = -12*m**2 - 309*m - 1281. Give n(-5).
-36
Let x(w) = 4*w - 26. What is x(4)?
-10
Let l(z) = z**3 + 96*z**2 - 2*z - 239. What is l(-96)?
-47
Let s(n) = 9*n**3 - n**2 - 4*n - 3. Calculate s(-1).
-9
Let p(u) = -2*u**3 - 25*u**2 - 45*u + 27. Determine p(-10).
-23
Let l(y) = -108*y - 3783. Give l(-35).
-3
Let j(x) = x**2 + 65*x + 546. What is j(-9)?
42
Let a(o) = 43*o + 375. What is a(-15)?
-270
Let c(u) = -11*u - 546. Give c(-53).
37
Let v(a) = 19*a - 209. Give v(7).
-76
Let y(g) = 2*g**2 - 10*g - 197. What is y(13)?
11
Let z(g) = 10*g**2 + 40*g - 6. Give z(-4).
-6
Let o(f) = 2110*f - 141370. Calculate o(67).
0
Let j(y) = y**3 + 36*y**2 + 294*y + 10571. What is j(-36)?
-13
Let b(h) = h**3 + h**2 + 21*h + 99. Calculate b(-6).
-207
Let i(z) = -39*z + 305. What is i(7)?
32
Let q(c) = c**3 - 18*c**2 + 77*c - 1. Determine q(9).
-37
Let k(g) = -g**3 + 15*g**2 + 12*g + 387. Determine k(17).
13
Let v(n) = -n**3 - 35*n**2 + 150*n - 211. Give v(-39).
23
Let h(z) = z**2 + 24*z - 1. Determine h(-14).
-141
Let l(w) = -33*w - 669. What is l(4)?
-801
Let k(a) = -47*a - 22. Determine k(-4).
166
Let g(b) = -2*b**3 + 6*b**2 - 18*b - 14. Give g(6).
-338
Let g(d) = 216*d + 3279. Determine g(-15).
39
Let d(k) = -25*k + 32. Calculate d(1).
7
Let r(j) = -j**3 - 5*j**2 + 51*j + 292. What is r(-6)?
22
Let d(a) = -163*a**2 + 58*a + 57. Determine d(-1).
-164
Let m(h) = -31*h**2 + 3067*h + 196. Determine m(99).
-2
Let p(j) = j**3 + 86*j**2 + 87*j + 182. Give p(-85).
12
Let s(x) = -x**3 - 101*x**2 - 1219*x - 82. Determine s(-87).
5
Let o(t) = t**3 - t**2 - 226*t - 1057. Determine o(-11).
-23
Let t(p) = -p**2 + 61*p - 156. Determine t(61).
-156
Let t(x) 